er when 2112 is divided by 141?
138
Calculate the remainder when 168 is divided by 61.
46
Calculate the remainder when 1323 is divided by 70.
63
Calculate the remainder when 1022 is divided by 33.
32
Calculate the remainder when 57 is divided by 18.
3
Calculate the remainder when 7223 is divided by 85.
83
Calculate the remainder when 114 is divided by 34.
12
Calculate the remainder when 27 is divided by 26.
1
What is the remainder when 768 is divided by 254?
6
What is the remainder when 315 is divided by 179?
136
What is the remainder when 494 is divided by 55?
54
Calculate the remainder when 356 is divided by 90.
86
What is the remainder when 2595 is divided by 25?
20
Calculate the remainder when 3985 is divided by 30.
25
What is the remainder when 699 is divided by 203?
90
What is the remainder when 32 is divided by 20?
12
Calculate the remainder when 742 is divided by 12.
10
What is the remainder when 69 is divided by 69?
0
Calculate the remainder when 127 is divided by 19.
13
What is the remainder when 102 is divided by 13?
11
What is the remainder when 1505 is divided by 374?
9
Calculate the remainder when 1592 is divided by 59.
58
What is the remainder when 8435 is divided by 1685?
10
What is the remainder when 1233 is divided by 65?
63
Calculate the remainder when 338 is divided by 111.
5
Calculate the remainder when 157 is divided by 69.
19
What is the remainder when 158 is divided by 2?
0
What is the remainder when 318 is divided by 83?
69
Calculate the remainder when 333 is divided by 84.
81
Calculate the remainder when 6757 is divided by 49.
44
Calculate the remainder when 29 is divided by 14.
1
Calculate the remainder when 228 is divided by 31.
11
Calculate the remainder when 232 is divided by 18.
16
What is the remainder when 1172 is divided by 17?
16
Calculate the remainder when 2179 is divided by 67.
35
Calculate the remainder when 549 is divided by 54.
9
Calculate the remainder when 1735 is divided by 37.
33
What is the remainder when 113 is divided by 27?
5
Calculate the remainder when 19713 is divided by 62.
59
What is the remainder when 63 is divided by 17?
12
Calculate the remainder when 105 is divided by 75.
30
What is the remainder when 197 is divided by 63?
8
Calculate the remainder when 64 is divided by 16.
0
Calculate the remainder when 2663 is divided by 58.
53
What is the remainder when 1476 is divided by 17?
14
Calculate the remainder when 180 is divided by 46.
42
What is the remainder when 557 is divided by 80?
77
What is the remainder when 135 is divided by 17?
16
What is the remainder when 131 is divided by 36?
23
What is the remainder when 1382 is divided by 293?
210
What is the remainder when 836 is divided by 106?
94
Calculate the remainder when 149 is divided by 30.
29
What is the remainder when 75 is divided by 29?
17
Calculate the remainder when 1439 is divided by 9.
8
What is the remainder when 2638 is divided by 40?
38
What is the remainder when 134 is divided by 27?
26
What is the remainder when 17828 is divided by 21?
20
What is the remainder when 378 is divided by 48?
42
What is the remainder when 62 is divided by 17?
11
What is the remainder when 282 is divided by 161?
121
What is the remainder when 1667 is divided by 113?
85
Calculate the remainder when 480 is divided by 469.
11
Calculate the remainder when 1558 is divided by 486.
100
What is the remainder when 3130 is divided by 87?
85
What is the remainder when 2928 is divided by 30?
18
Calculate the remainder when 353 is divided by 39.
2
What is the remainder when 2034 is divided by 128?
114
Calculate the remainder when 213 is divided by 36.
33
Calculate the remainder when 22997 is divided by 62.
57
Calculate the remainder when 323 is divided by 10.
3
Calculate the remainder when 823 is divided by 13.
4
What is the remainder when 413 is divided by 95?
33
What is the remainder when 847 is divided by 28?
7
Calculate the remainder when 1070 is divided by 87.
26
What is the remainder when 571 is divided by 136?
27
Calculate the remainder when 397 is divided by 81.
73
Calculate the remainder when 1731 is divided by 65.
41
Calculate the remainder when 196 is divided by 9.
7
Calculate the remainder when 3464 is divided by 29.
13
Calculate the remainder when 430 is divided by 72.
70
Calculate the remainder when 165 is divided by 52.
9
Calculate the remainder when 340 is divided by 118.
104
What is the remainder when 841 is divided by 4?
1
What is the remainder when 4197 is divided by 200?
197
Calculate the remainder when 128 is divided by 33.
29
What is the remainder when 1363 is divided by 65?
63
Calculate the remainder when 1504 is divided by 43.
42
Calculate the remainder when 2258 is divided by 250.
8
What is the remainder when 352 is divided by 26?
14
What is the remainder when 399 is divided by 16?
15
What is the remainder when 136 is divided by 22?
4
Calculate the remainder when 726 is divided by 237.
15
Calculate the remainder when 263 is divided by 53.
51
What is the remainder when 111 is divided by 87?
24
What is the remainder when 1700 is divided by 27?
26
What is the remainder when 2820 is divided by 101?
93
Calculate the remainder when 243 is divided by 41.
38
Calculate the remainder when 2910 is divided by 104.
102
Calculate the remainder when 1741 is divided by 26.
25
Calculate the remainder when 170 is divided by 84.
2
Calculate the remainder when 241 is divided by 77.
10
What is the remainder when 656 is divided by 35?
26
What is the remainder when 2444 is divided by 48?
44
What is the remainder when 239 is divided by 23?
9
Calculate the remainder when 568 is divided by 117.
100
Calculate the remainder when 232 is divided by 74.
10
Calculate the remainder when 51 is divided by 30.
21
What is the remainder when 1078 is divided by 23?
20
What is the remainder when 1113 is divided by 3?
0
What is the remainder when 50 is divided by 24?
2
What is the remainder when 45 is divided by 16?
13
Calculate the remainder when 37 is divided by 11.
4
What is the remainder when 120 is divided by 59?
2
Calculate the remainder when 107 is divided by 22.
19
Calculate the remainder when 168 is divided by 9.
6
Calculate the remainder when 598 is divided by 351.
247
What is the remainder when 328 is divided by 21?
13
Calculate the remainder when 19 is divided by 10.
9
Calculate the remainder when 650 is divided by 132.
122
Calculate the remainder when 321 is divided by 83.
72
What is the remainder when 2771 is divided by 126?
125
Calculate the remainder when 5168 is divided by 258.
8
What is the remainder when 19 is divided by 9?
1
Calculate the remainder when 644 is divided by 219.
206
Calculate the remainder when 208 is divided by 45.
28
Calculate the remainder when 160 is divided by 3.
1
What is the remainder when 1163 is divided by 579?
5
What is the remainder when 20 is divided by 11?
9
Calculate the remainder when 179 is divided by 23.
18
What is the remainder when 1160 is divided by 383?
11
What is the remainder when 1271 is divided by 67?
65
What is the remainder when 159 is divided by 8?
7
What is the remainder when 851 is divided by 78?
71
Calculate the remainder when 290 is divided by 46.
14
What is the remainder when 130 is divided by 66?
64
Calculate the remainder when 659 is divided by 33.
32
What is the remainder when 6343 is divided by 135?
133
Calculate the remainder when 2596 is divided by 865.
1
What is the remainder when 107 is divided by 12?
11
Calculate the remainder when 57 is divided by 7.
1
Calculate the remainder when 1270 is divided by 25.
20
Calculate the remainder when 109 is divided by 20.
9
What is the remainder when 177 is divided by 89?
88
What is the remainder when 263 is divided by 99?
65
Calculate the remainder when 18 is divided by 16.
2
What is the remainder when 686 is divided by 36?
2
Calculate the remainder when 145 is divided by 19.
12
What is the remainder when 232 is divided by 26?
24
Calculate the remainder when 35 is divided by 6.
5
Calculate the remainder when 501 is divided by 230.
41
What is the remainder when 359 is divided by 162?
35
Calculate the remainder when 106 is divided by 4.
2
What is the remainder when 626 is divided by 63?
59
Calculate the remainder when 1913 is divided by 283.
215
Calculate the